{"version":"1.0","provider_name":"SITSESP","provider_url":"https:\/\/www.sitsesp.org.br\/novo","author_name":"imprensa","author_url":"https:\/\/www.sitsesp.org.br\/novo\/author\/imprensa\/","title":"ATO P\u00daBLICO - 17 DE MAIO - SITSESP","type":"rich","width":600,"height":338,"html":"<blockquote class=\"wp-embedded-content\" data-secret=\"LAkhIPq08I\"><a href=\"https:\/\/www.sitsesp.org.br\/novo\/ato-publico-17-de-maio\/\">ATO P\u00daBLICO &#8211; 17 DE MAIO<\/a><\/blockquote><iframe sandbox=\"allow-scripts\" security=\"restricted\" src=\"https:\/\/www.sitsesp.org.br\/novo\/ato-publico-17-de-maio\/embed\/#?secret=LAkhIPq08I\" width=\"600\" height=\"338\" title=\"&#8220;ATO P\u00daBLICO &#8211; 17 DE MAIO&#8221; &#8212; SITSESP\" data-secret=\"LAkhIPq08I\" frameborder=\"0\" marginwidth=\"0\" marginheight=\"0\" scrolling=\"no\" class=\"wp-embedded-content\"><\/iframe><script type=\"text\/javascript\">\n\/* <![CDATA[ *\/\n\/*! This file is auto-generated *\/\n!function(d,l){\"use strict\";l.querySelector&&d.addEventListener&&\"undefined\"!=typeof URL&&(d.wp=d.wp||{},d.wp.receiveEmbedMessage||(d.wp.receiveEmbedMessage=function(e){var t=e.data;if((t||t.secret||t.message||t.value)&&!\/[^a-zA-Z0-9]\/.test(t.secret)){for(var s,r,n,a=l.querySelectorAll('iframe[data-secret=\"'+t.secret+'\"]'),o=l.querySelectorAll('blockquote[data-secret=\"'+t.secret+'\"]'),c=new RegExp(\"^https?:$\",\"i\"),i=0;i<o.length;i++)o[i].style.display=\"none\";for(i=0;i<a.length;i++)s=a[i],e.source===s.contentWindow&&(s.removeAttribute(\"style\"),\"height\"===t.message?(1e3<(r=parseInt(t.value,10))?r=1e3:~~r<200&&(r=200),s.height=r):\"link\"===t.message&&(r=new URL(s.getAttribute(\"src\")),n=new URL(t.value),c.test(n.protocol))&&n.host===r.host&&l.activeElement===s&&(d.top.location.href=t.value))}},d.addEventListener(\"message\",d.wp.receiveEmbedMessage,!1),l.addEventListener(\"DOMContentLoaded\",function(){for(var e,t,s=l.querySelectorAll(\"iframe.wp-embedded-content\"),r=0;r<s.length;r++)(t=(e=s[r]).getAttribute(\"data-secret\"))||(t=Math.random().toString(36).substring(2,12),e.src+=\"#?secret=\"+t,e.setAttribute(\"data-secret\",t)),e.contentWindow.postMessage({message:\"ready\",secret:t},\"*\")},!1)))}(window,document);\n\/* ]]> *\/\n<\/script>\n","thumbnail_url":"https:\/\/www.sitsesp.org.br\/novo\/wp-content\/uploads\/2021\/05\/ATOS.jpg","thumbnail_width":800,"thumbnail_height":800,"description":"Estamos convocando para o dia 17 de maio \u00e0s 10h um ato p\u00fablico na sede da Funda\u00e7\u00e3o CASA em repudio aos ataques que ela vem praticando contra os direitos trabalhistas da nossa categoria. VAMOS \u00c0 LUTA!"}

ATO PÚBLICO - 17 DE MAIO - SITSESP

<blockquote class="wp-embedded-content" data-secret="LAkhIPq08I"><a href="https://www.sitsesp.org.br/novo/ato-publico-17-de-maio/">ATO PÚBLICO &#8211; 17 DE MAIO</a></blockquote><iframe sandbox="allow-scripts" security="restricted" src="https://www.sitsesp.org.br/novo/ato-publico-17-de-maio/embed/#?secret=LAkhIPq08I" width="600" height="338" title="&#8220;ATO PÚBLICO &#8211; 17 DE MAIO&#8221; &#8212; SITSESP" data-secret="LAkhIPq08I" frameborder="0" marginwidth="0" marginheight="0" scrolling="no" class="wp-embedded-content"></iframe><script type="text/javascript">
/* <![CDATA[ */
/*! This file is auto-generated */
!function(d,l){"use strict";l.querySelector&&d.addEventListener&&"undefined"!=typeof URL&&(d.wp=d.wp||{},d.wp.receiveEmbedMessage||(d.wp.receiveEmbedMessage=function(e){var t=e.data;if((t||t.secret||t.message||t.value)&&!/[^a-zA-Z0-9]/.test(t.secret)){for(var s,r,n,a=l.querySelectorAll('iframe[data-secret="'+t.secret+'"]'),o=l.querySelectorAll('blockquote[data-secret="'+t.secret+'"]'),c=new RegExp("^https?:$","i"),i=0;i<o.length;i++)o[i].style.display="none";for(i=0;i<a.length;i++)s=a[i],e.source===s.contentWindow&&(s.removeAttribute("style"),"height"===t.message?(1e3<(r=parseInt(t.value,10))?r=1e3:~~r<200&&(r=200),s.height=r):"link"===t.message&&(r=new URL(s.getAttribute("src")),n=new URL(t.value),c.test(n.protocol))&&n.host===r.host&&l.activeElement===s&&(d.top.location.href=t.value))}},d.addEventListener("message",d.wp.receiveEmbedMessage,!1),l.addEventListener("DOMContentLoaded",function(){for(var e,t,s=l.querySelectorAll("iframe.wp-embedded-content"),r=0;r<s.length;r++)(t=(e=s[r]).getAttribute("data-secret"))||(t=Math.random().toString(36).substring(2,12),e.src+="#?secret="+t,e.setAttribute("data-secret",t)),e.contentWindow.postMessage({message:"ready",secret:t},"*")},!1)))}(window,document);
/* ]]> */
</script>

Estamos convocando para o dia 17 de maio às 10h um ato público na sede da Fundação CASA em repudio aos ataques que ela vem praticando contra os direitos trabalhistas da nossa categoria. VAMOS À LUTA!
