{"version":"1.0","provider_name":"SITSESP","provider_url":"https:\/\/www.sitsesp.org.br\/novo","author_name":"imprensa","author_url":"https:\/\/www.sitsesp.org.br\/novo\/author\/imprensa\/","title":"Imprensa SITSESP | ASSEMBLEIA ONLINE EM 29\/05\/2021 - SITSESP","type":"rich","width":600,"height":338,"html":"<blockquote class=\"wp-embedded-content\" data-secret=\"CxWyOjD9c3\"><a href=\"https:\/\/www.sitsesp.org.br\/novo\/imprensa-sitsesp-assembleia-online-em-29-05-2021\/\">Imprensa SITSESP | ASSEMBLEIA ONLINE EM 29\/05\/2021<\/a><\/blockquote><iframe sandbox=\"allow-scripts\" security=\"restricted\" src=\"https:\/\/www.sitsesp.org.br\/novo\/imprensa-sitsesp-assembleia-online-em-29-05-2021\/embed\/#?secret=CxWyOjD9c3\" width=\"600\" height=\"338\" title=\"&#8220;Imprensa SITSESP | ASSEMBLEIA ONLINE EM 29\/05\/2021&#8221; &#8212; SITSESP\" data-secret=\"CxWyOjD9c3\" frameborder=\"0\" marginwidth=\"0\" marginheight=\"0\" scrolling=\"no\" class=\"wp-embedded-content\"><\/iframe><script type=\"text\/javascript\">\n\/* <![CDATA[ *\/\n\/*! This file is auto-generated *\/\n!function(d,l){\"use strict\";l.querySelector&&d.addEventListener&&\"undefined\"!=typeof URL&&(d.wp=d.wp||{},d.wp.receiveEmbedMessage||(d.wp.receiveEmbedMessage=function(e){var t=e.data;if((t||t.secret||t.message||t.value)&&!\/[^a-zA-Z0-9]\/.test(t.secret)){for(var s,r,n,a=l.querySelectorAll('iframe[data-secret=\"'+t.secret+'\"]'),o=l.querySelectorAll('blockquote[data-secret=\"'+t.secret+'\"]'),c=new RegExp(\"^https?:$\",\"i\"),i=0;i<o.length;i++)o[i].style.display=\"none\";for(i=0;i<a.length;i++)s=a[i],e.source===s.contentWindow&&(s.removeAttribute(\"style\"),\"height\"===t.message?(1e3<(r=parseInt(t.value,10))?r=1e3:~~r<200&&(r=200),s.height=r):\"link\"===t.message&&(r=new URL(s.getAttribute(\"src\")),n=new URL(t.value),c.test(n.protocol))&&n.host===r.host&&l.activeElement===s&&(d.top.location.href=t.value))}},d.addEventListener(\"message\",d.wp.receiveEmbedMessage,!1),l.addEventListener(\"DOMContentLoaded\",function(){for(var e,t,s=l.querySelectorAll(\"iframe.wp-embedded-content\"),r=0;r<s.length;r++)(t=(e=s[r]).getAttribute(\"data-secret\"))||(t=Math.random().toString(36).substring(2,12),e.src+=\"#?secret=\"+t,e.setAttribute(\"data-secret\",t)),e.contentWindow.postMessage({message:\"ready\",secret:t},\"*\")},!1)))}(window,document);\n\/* ]]> *\/\n<\/script>\n","thumbnail_url":"https:\/\/www.sitsesp.org.br\/novo\/wp-content\/uploads\/2021\/05\/2705b.png","thumbnail_width":800,"thumbnail_height":800,"description":"Viemos pedir para que os ve\u00edculos de imprensa deem aten\u00e7\u00e3o para esta categoria t\u00e3o sofrida que cuida da socioeduca\u00e7\u00e3o de milhares de adolescentes cumprindo medidas judiciais por todo Estado de S\u00e3o Paulo."}

Viemos pedir para que os veículos de imprensa deem atenção para esta categoria tão sofrida que cuida da socioeducação de milhares de adolescentes cumprindo medidas judiciais por todo Estado de São Paulo.
