{"id":13931,"date":"2024-04-22T15:52:41","date_gmt":"2024-04-22T18:52:41","guid":{"rendered":"https:\/\/www.sitsesp.org.br\/novo\/?page_id=13931"},"modified":"2024-06-18T12:38:37","modified_gmt":"2024-06-18T15:38:37","slug":"diretoria","status":"publish","type":"page","link":"https:\/\/www.sitsesp.org.br\/novo\/diretoria\/","title":{"rendered":"Diretoria 2024 | 2028"},"content":{"rendered":"<p><!-- VideographyWP Plugin Message: Automatic video embedding prevented by plugin options. --><br \/>\n<img fetchpriority=\"high\" decoding=\"async\" class=\"alignnone size-full wp-image-14626\" src=\"https:\/\/www.sitsesp.org.br\/novo\/wp-content\/uploads\/2024\/06\/ARTE-DIRETORIA-01.png\" alt=\"\" width=\"4986\" height=\"3594\" \/><\/p>\n<p><strong>Presidente:<\/strong> Neemias de Souza Silva<\/p>\n<p><strong>Vice-presidente:<\/strong> Aline de F\u00e1tima Caetano Alonso Moreira<\/p>\n<p><strong>Secret\u00e1rio de Administra\u00e7\u00e3o, Finan\u00e7as e Patrim\u00f4nio:<\/strong> Waldir Teixeira da Silva J\u00fanior<\/p>\n<p><strong>Vice-Secret\u00e1rio da Secret\u00e1ria de Administra\u00e7\u00e3o, Finan\u00e7as e Patrim\u00f4nio:<\/strong> Alexandre de Oliveira Fernandes<\/p>\n<p><strong>Secret\u00e1ria Geral:<\/strong> Jessita Bueno de Camargo<\/p>\n<p><strong>Vice-Secret\u00e1rio Geral:<\/strong> Maryze Helena Santos Martins<\/p>\n<p><strong>Secret\u00e1rio de Organiza\u00e7\u00e3o:<\/strong> Jos\u00e9 de Souza<\/p>\n<p><strong>Secret\u00e1rio Jur\u00eddico:<\/strong> Edson Brito Cavalcante<\/p>\n<p><strong>Vice-Secret\u00e1rio Jur\u00eddico:<\/strong> Luiz Eduardo Amaral de Freitas<\/p>\n<p><strong>Secret\u00e1ria de Negocia\u00e7\u00f5es Coletivas:<\/strong> \u00c2ngela Aparecida dos Santos<\/p>\n<p><strong>Secret\u00e1ria de Benef\u00edcios:<\/strong> Maria Helena Machado<\/p>\n<p><strong>Secret\u00e1rio de Imprensa:<\/strong> Ricardo Lopes de Oliveira<\/p>\n<p><strong>Secret\u00e1ria de Sa\u00fade do Trabalhador:<\/strong> Isabel Assis Soares<\/p>\n<p><strong>DIRETORIA REGIONAL<\/strong><\/p>\n<p>Secret\u00e1ria Regional Interior laras: Simone Charlois de Jesus<br \/>\nSecret\u00e1rio Regional Interior S\u00e3o Jos\u00e9 do Rio Preto: Thiago Renato dos Santos<br \/>\nSecret\u00e1rio Regional Interior Campinas: Fabiano Sisenando Rosa<br \/>\nSecret\u00e1rio Regional Interior Ribeir\u00e3o Preto: Eur\u00edpedes Barsanulfo Justino<br \/>\nSecret\u00e1rio Regional Leste Guarulhos: Salom\u00e3o Pereira da Silva<br \/>\nSecret\u00e1ria Regional Leste Itaquaquecetuba: Katia Cristina Delafina<\/p>\n<p><strong>Secret\u00e1ria Leste S\u00e3o Paulo\/Capital:<\/strong><br \/>\nSecret\u00e1rio Regional Sul: Lu\u00eds Vagner Pereira da Silva<br \/>\nSecret\u00e1ria Regional Norte: Marlene Pereira dos Santos<br \/>\nSecret\u00e1rio Regional Litoral Norte: Joel Ferreira de Sena<br \/>\nSecret\u00e1rio Regional Litoral Sul: Edmon Grusiecki de Lima<br \/>\nSecret\u00e1rio Regional do Vale do Para\u00edba: Donaldo Fernandes Ara\u00fajo<\/p>\n<p><strong>CONSELHO FISCAL<\/strong><br \/>\nCONSELHO FISCAL: Membros Titulares: Antonino Clemente<br \/>\nCONSELHO FISCAL: Membros Titulares: Washington Luiz Rodrigues<br \/>\nCONSELHO FISCAL: Membros Titulares: Ivone Sebastiana Gomes<\/p>\n<p><strong>SUPLENTE CONSELHO FISCAL<\/strong><br \/>\nCONSELHO FISCAL: Membro Suplente: Josu\u00e9 Ferreira Lima<\/p>\n","protected":false},"excerpt":{"rendered":"<p>Presidente: Neemias de Souza Silva Vice-presidente: Aline de F\u00e1tima Caetano Alonso Moreira Secret\u00e1rio de Administra\u00e7\u00e3o, Finan\u00e7as e Patrim\u00f4nio: Waldir Teixeira da&hellip;<\/p>\n","protected":false},"author":1,"featured_media":0,"parent":0,"menu_order":0,"comment_status":"closed","ping_status":"closed","template":"","meta":{"cybocfi_hide_featured_image":"","footnotes":""},"yoast_head":"<!-- This site is optimized with the Yoast SEO plugin v22.8 - https:\/\/yoast.com\/wordpress\/plugins\/seo\/ -->\n<title>Diretoria 2024 | 2028 - SITSESP<\/title>\n<meta name=\"robots\" content=\"index, follow, max-snippet:-1, max-image-preview:large, max-video-preview:-1\" \/>\n<link rel=\"canonical\" href=\"https:\/\/www.sitsesp.org.br\/novo\/diretoria\/\" \/>\n<meta property=\"og:locale\" content=\"pt_BR\" \/>\n<meta property=\"og:type\" content=\"article\" \/>\n<meta property=\"og:title\" content=\"Diretoria 2024 | 2028 - SITSESP\" \/>\n<meta property=\"og:description\" content=\"Presidente: Neemias de Souza Silva Vice-presidente: Aline de F\u00e1tima Caetano Alonso Moreira Secret\u00e1rio de Administra\u00e7\u00e3o, Finan\u00e7as e Patrim\u00f4nio: Waldir Teixeira da&hellip;\" \/>\n<meta property=\"og:url\" content=\"https:\/\/www.sitsesp.org.br\/novo\/diretoria\/\" \/>\n<meta property=\"og:site_name\" content=\"SITSESP\" \/>\n<meta property=\"article:modified_time\" content=\"2024-06-18T15:38:37+00:00\" \/>\n<meta property=\"og:image\" content=\"https:\/\/www.sitsesp.org.br\/novo\/wp-content\/uploads\/2024\/06\/ARTE-DIRETORIA-01.png\" \/>\n<meta name=\"twitter:card\" content=\"summary_large_image\" \/>\n<meta name=\"twitter:label1\" content=\"Est. tempo de leitura\" \/>\n\t<meta name=\"twitter:data1\" content=\"2 minutos\" \/>\n<script type=\"application\/ld+json\" class=\"yoast-schema-graph\">{\"@context\":\"https:\/\/schema.org\",\"@graph\":[{\"@type\":\"WebPage\",\"@id\":\"https:\/\/www.sitsesp.org.br\/novo\/diretoria\/\",\"url\":\"https:\/\/www.sitsesp.org.br\/novo\/diretoria\/\",\"name\":\"Diretoria 2024 | 2028 - SITSESP\",\"isPartOf\":{\"@id\":\"https:\/\/www.sitsesp.org.br\/novo\/#website\"},\"primaryImageOfPage\":{\"@id\":\"https:\/\/www.sitsesp.org.br\/novo\/diretoria\/#primaryimage\"},\"image\":{\"@id\":\"https:\/\/www.sitsesp.org.br\/novo\/diretoria\/#primaryimage\"},\"thumbnailUrl\":\"https:\/\/www.sitsesp.org.br\/novo\/wp-content\/uploads\/2024\/06\/ARTE-DIRETORIA-01.png\",\"datePublished\":\"2024-04-22T18:52:41+00:00\",\"dateModified\":\"2024-06-18T15:38:37+00:00\",\"breadcrumb\":{\"@id\":\"https:\/\/www.sitsesp.org.br\/novo\/diretoria\/#breadcrumb\"},\"inLanguage\":\"pt-BR\",\"potentialAction\":[{\"@type\":\"ReadAction\",\"target\":[\"https:\/\/www.sitsesp.org.br\/novo\/diretoria\/\"]}]},{\"@type\":\"ImageObject\",\"inLanguage\":\"pt-BR\",\"@id\":\"https:\/\/www.sitsesp.org.br\/novo\/diretoria\/#primaryimage\",\"url\":\"https:\/\/www.sitsesp.org.br\/novo\/wp-content\/uploads\/2024\/06\/ARTE-DIRETORIA-01.png\",\"contentUrl\":\"https:\/\/www.sitsesp.org.br\/novo\/wp-content\/uploads\/2024\/06\/ARTE-DIRETORIA-01.png\",\"width\":4986,\"height\":3594},{\"@type\":\"BreadcrumbList\",\"@id\":\"https:\/\/www.sitsesp.org.br\/novo\/diretoria\/#breadcrumb\",\"itemListElement\":[{\"@type\":\"ListItem\",\"position\":1,\"name\":\"In\u00edcio\",\"item\":\"https:\/\/www.sitsesp.org.br\/novo\/\"},{\"@type\":\"ListItem\",\"position\":2,\"name\":\"Diretoria 2024 | 2028\"}]},{\"@type\":\"WebSite\",\"@id\":\"https:\/\/www.sitsesp.org.br\/novo\/#website\",\"url\":\"https:\/\/www.sitsesp.org.br\/novo\/\",\"name\":\"Sitsesp\",\"description\":\"SIndicato da Socioeduca\u00e7\u00e3o do Estado de S\u00e3o Paulo\",\"publisher\":{\"@id\":\"https:\/\/www.sitsesp.org.br\/novo\/#organization\"},\"potentialAction\":[{\"@type\":\"SearchAction\",\"target\":{\"@type\":\"EntryPoint\",\"urlTemplate\":\"https:\/\/www.sitsesp.org.br\/novo\/?s={search_term_string}\"},\"query-input\":\"required name=search_term_string\"}],\"inLanguage\":\"pt-BR\"},{\"@type\":\"Organization\",\"@id\":\"https:\/\/www.sitsesp.org.br\/novo\/#organization\",\"name\":\"Sitsesp\",\"url\":\"https:\/\/www.sitsesp.org.br\/novo\/\",\"logo\":{\"@type\":\"ImageObject\",\"inLanguage\":\"pt-BR\",\"@id\":\"https:\/\/www.sitsesp.org.br\/novo\/#\/schema\/logo\/image\/\",\"url\":\"https:\/\/www.sitsesp.org.br\/novo\/wp-content\/uploads\/2020\/09\/Design-sem-nome-1.jpg\",\"contentUrl\":\"https:\/\/www.sitsesp.org.br\/novo\/wp-content\/uploads\/2020\/09\/Design-sem-nome-1.jpg\",\"width\":300,\"height\":300,\"caption\":\"Sitsesp\"},\"image\":{\"@id\":\"https:\/\/www.sitsesp.org.br\/novo\/#\/schema\/logo\/image\/\"}}]}<\/script>\n<!-- \/ Yoast SEO plugin. -->","yoast_head_json":{"title":"Diretoria 2024 | 2028 - SITSESP","robots":{"index":"index","follow":"follow","max-snippet":"max-snippet:-1","max-image-preview":"max-image-preview:large","max-video-preview":"max-video-preview:-1"},"canonical":"https:\/\/www.sitsesp.org.br\/novo\/diretoria\/","og_locale":"pt_BR","og_type":"article","og_title":"Diretoria 2024 | 2028 - SITSESP","og_description":"Presidente: Neemias de Souza Silva Vice-presidente: Aline de F\u00e1tima Caetano Alonso Moreira Secret\u00e1rio de Administra\u00e7\u00e3o, Finan\u00e7as e Patrim\u00f4nio: Waldir Teixeira da&hellip;","og_url":"https:\/\/www.sitsesp.org.br\/novo\/diretoria\/","og_site_name":"SITSESP","article_modified_time":"2024-06-18T15:38:37+00:00","og_image":[{"url":"https:\/\/www.sitsesp.org.br\/novo\/wp-content\/uploads\/2024\/06\/ARTE-DIRETORIA-01.png"}],"twitter_card":"summary_large_image","twitter_misc":{"Est. tempo de leitura":"2 minutos"},"schema":{"@context":"https:\/\/schema.org","@graph":[{"@type":"WebPage","@id":"https:\/\/www.sitsesp.org.br\/novo\/diretoria\/","url":"https:\/\/www.sitsesp.org.br\/novo\/diretoria\/","name":"Diretoria 2024 | 2028 - SITSESP","isPartOf":{"@id":"https:\/\/www.sitsesp.org.br\/novo\/#website"},"primaryImageOfPage":{"@id":"https:\/\/www.sitsesp.org.br\/novo\/diretoria\/#primaryimage"},"image":{"@id":"https:\/\/www.sitsesp.org.br\/novo\/diretoria\/#primaryimage"},"thumbnailUrl":"https:\/\/www.sitsesp.org.br\/novo\/wp-content\/uploads\/2024\/06\/ARTE-DIRETORIA-01.png","datePublished":"2024-04-22T18:52:41+00:00","dateModified":"2024-06-18T15:38:37+00:00","breadcrumb":{"@id":"https:\/\/www.sitsesp.org.br\/novo\/diretoria\/#breadcrumb"},"inLanguage":"pt-BR","potentialAction":[{"@type":"ReadAction","target":["https:\/\/www.sitsesp.org.br\/novo\/diretoria\/"]}]},{"@type":"ImageObject","inLanguage":"pt-BR","@id":"https:\/\/www.sitsesp.org.br\/novo\/diretoria\/#primaryimage","url":"https:\/\/www.sitsesp.org.br\/novo\/wp-content\/uploads\/2024\/06\/ARTE-DIRETORIA-01.png","contentUrl":"https:\/\/www.sitsesp.org.br\/novo\/wp-content\/uploads\/2024\/06\/ARTE-DIRETORIA-01.png","width":4986,"height":3594},{"@type":"BreadcrumbList","@id":"https:\/\/www.sitsesp.org.br\/novo\/diretoria\/#breadcrumb","itemListElement":[{"@type":"ListItem","position":1,"name":"In\u00edcio","item":"https:\/\/www.sitsesp.org.br\/novo\/"},{"@type":"ListItem","position":2,"name":"Diretoria 2024 | 2028"}]},{"@type":"WebSite","@id":"https:\/\/www.sitsesp.org.br\/novo\/#website","url":"https:\/\/www.sitsesp.org.br\/novo\/","name":"Sitsesp","description":"SIndicato da Socioeduca\u00e7\u00e3o do Estado de S\u00e3o Paulo","publisher":{"@id":"https:\/\/www.sitsesp.org.br\/novo\/#organization"},"potentialAction":[{"@type":"SearchAction","target":{"@type":"EntryPoint","urlTemplate":"https:\/\/www.sitsesp.org.br\/novo\/?s={search_term_string}"},"query-input":"required name=search_term_string"}],"inLanguage":"pt-BR"},{"@type":"Organization","@id":"https:\/\/www.sitsesp.org.br\/novo\/#organization","name":"Sitsesp","url":"https:\/\/www.sitsesp.org.br\/novo\/","logo":{"@type":"ImageObject","inLanguage":"pt-BR","@id":"https:\/\/www.sitsesp.org.br\/novo\/#\/schema\/logo\/image\/","url":"https:\/\/www.sitsesp.org.br\/novo\/wp-content\/uploads\/2020\/09\/Design-sem-nome-1.jpg","contentUrl":"https:\/\/www.sitsesp.org.br\/novo\/wp-content\/uploads\/2020\/09\/Design-sem-nome-1.jpg","width":300,"height":300,"caption":"Sitsesp"},"image":{"@id":"https:\/\/www.sitsesp.org.br\/novo\/#\/schema\/logo\/image\/"}}]}},"_links":{"self":[{"href":"https:\/\/www.sitsesp.org.br\/novo\/wp-json\/wp\/v2\/pages\/13931"}],"collection":[{"href":"https:\/\/www.sitsesp.org.br\/novo\/wp-json\/wp\/v2\/pages"}],"about":[{"href":"https:\/\/www.sitsesp.org.br\/novo\/wp-json\/wp\/v2\/types\/page"}],"author":[{"embeddable":true,"href":"https:\/\/www.sitsesp.org.br\/novo\/wp-json\/wp\/v2\/users\/1"}],"replies":[{"embeddable":true,"href":"https:\/\/www.sitsesp.org.br\/novo\/wp-json\/wp\/v2\/comments?post=13931"}],"version-history":[{"count":12,"href":"https:\/\/www.sitsesp.org.br\/novo\/wp-json\/wp\/v2\/pages\/13931\/revisions"}],"predecessor-version":[{"id":14628,"href":"https:\/\/www.sitsesp.org.br\/novo\/wp-json\/wp\/v2\/pages\/13931\/revisions\/14628"}],"wp:attachment":[{"href":"https:\/\/www.sitsesp.org.br\/novo\/wp-json\/wp\/v2\/media?parent=13931"}],"curies":[{"name":"wp","href":"https:\/\/api.w.org\/{rel}","templated":true}]}}

<p><!-- VideographyWP Plugin Message: Automatic video embedding prevented by plugin options. --><br />
<img fetchpriority="high" decoding="async" class="alignnone size-full wp-image-14626" src="https://www.sitsesp.org.br/novo/wp-content/uploads/2024/06/ARTE-DIRETORIA-01.png" alt="" width="4986" height="3594" /></p>
<p><strong>Presidente:</strong> Neemias de Souza Silva</p>
<p><strong>Vice-presidente:</strong> Aline de Fátima Caetano Alonso Moreira</p>
<p><strong>Secretário de Administração, Finanças e Patrimônio:</strong> Waldir Teixeira da Silva Júnior</p>
<p><strong>Vice-Secretário da Secretária de Administração, Finanças e Patrimônio:</strong> Alexandre de Oliveira Fernandes</p>
<p><strong>Secretária Geral:</strong> Jessita Bueno de Camargo</p>
<p><strong>Vice-Secretário Geral:</strong> Maryze Helena Santos Martins</p>
<p><strong>Secretário de Organização:</strong> José de Souza</p>
<p><strong>Secretário Jurídico:</strong> Edson Brito Cavalcante</p>
<p><strong>Vice-Secretário Jurídico:</strong> Luiz Eduardo Amaral de Freitas</p>
<p><strong>Secretária de Negociações Coletivas:</strong> Ângela Aparecida dos Santos</p>
<p><strong>Secretária de Benefícios:</strong> Maria Helena Machado</p>
<p><strong>Secretário de Imprensa:</strong> Ricardo Lopes de Oliveira</p>
<p><strong>Secretária de Saúde do Trabalhador:</strong> Isabel Assis Soares</p>
<p><strong>DIRETORIA REGIONAL</strong></p>
<p>Secretária Regional Interior laras: Simone Charlois de Jesus<br />
Secretário Regional Interior São José do Rio Preto: Thiago Renato dos Santos<br />
Secretário Regional Interior Campinas: Fabiano Sisenando Rosa<br />
Secretário Regional Interior Ribeirão Preto: Eurípedes Barsanulfo Justino<br />
Secretário Regional Leste Guarulhos: Salomão Pereira da Silva<br />
Secretária Regional Leste Itaquaquecetuba: Katia Cristina Delafina</p>
<p><strong>Secretária Leste São Paulo/Capital:</strong><br />
Secretário Regional Sul: Luís Vagner Pereira da Silva<br />
Secretária Regional Norte: Marlene Pereira dos Santos<br />
Secretário Regional Litoral Norte: Joel Ferreira de Sena<br />
Secretário Regional Litoral Sul: Edmon Grusiecki de Lima<br />
Secretário Regional do Vale do Paraíba: Donaldo Fernandes Araújo</p>
<p><strong>CONSELHO FISCAL</strong><br />
CONSELHO FISCAL: Membros Titulares: Antonino Clemente<br />
CONSELHO FISCAL: Membros Titulares: Washington Luiz Rodrigues<br />
CONSELHO FISCAL: Membros Titulares: Ivone Sebastiana Gomes</p>
<p><strong>SUPLENTE CONSELHO FISCAL</strong><br />
CONSELHO FISCAL: Membro Suplente: Josué Ferreira Lima</p>

<p>Presidente: Neemias de Souza Silva Vice-presidente: Aline de Fátima Caetano Alonso Moreira Secretário de Administração, Finanças e Patrimônio: Waldir Teixeira da&hellip;</p>

<!-- This site is optimized with the Yoast SEO plugin v22.8 - https://yoast.com/wordpress/plugins/seo/ -->
<title>Diretoria 2024 | 2028 - SITSESP</title>
<meta name="robots" content="index, follow, max-snippet:-1, max-image-preview:large, max-video-preview:-1" />
<link rel="canonical" href="https://www.sitsesp.org.br/novo/diretoria/" />
<meta property="og:locale" content="pt_BR" />
<meta property="og:type" content="article" />
<meta property="og:title" content="Diretoria 2024 | 2028 - SITSESP" />
<meta property="og:description" content="Presidente: Neemias de Souza Silva Vice-presidente: Aline de Fátima Caetano Alonso Moreira Secretário de Administração, Finanças e Patrimônio: Waldir Teixeira da&hellip;" />
<meta property="og:url" content="https://www.sitsesp.org.br/novo/diretoria/" />
<meta property="og:site_name" content="SITSESP" />
<meta property="article:modified_time" content="2024-06-18T15:38:37+00:00" />
<meta property="og:image" content="https://www.sitsesp.org.br/novo/wp-content/uploads/2024/06/ARTE-DIRETORIA-01.png" />
<meta name="twitter:card" content="summary_large_image" />
<meta name="twitter:label1" content="Est. tempo de leitura" />
	<meta name="twitter:data1" content="2 minutos" />
<script type="application/ld+json" class="yoast-schema-graph">{"@context":"https://schema.org","@graph":[{"@type":"WebPage","@id":"https://www.sitsesp.org.br/novo/diretoria/","url":"https://www.sitsesp.org.br/novo/diretoria/","name":"Diretoria 2024 | 2028 - SITSESP","isPartOf":{"@id":"https://www.sitsesp.org.br/novo/#website"},"primaryImageOfPage":{"@id":"https://www.sitsesp.org.br/novo/diretoria/#primaryimage"},"image":{"@id":"https://www.sitsesp.org.br/novo/diretoria/#primaryimage"},"thumbnailUrl":"https://www.sitsesp.org.br/novo/wp-content/uploads/2024/06/ARTE-DIRETORIA-01.png","datePublished":"2024-04-22T18:52:41+00:00","dateModified":"2024-06-18T15:38:37+00:00","breadcrumb":{"@id":"https://www.sitsesp.org.br/novo/diretoria/#breadcrumb"},"inLanguage":"pt-BR","potentialAction":[{"@type":"ReadAction","target":["https://www.sitsesp.org.br/novo/diretoria/"]}]},{"@type":"ImageObject","inLanguage":"pt-BR","@id":"https://www.sitsesp.org.br/novo/diretoria/#primaryimage","url":"https://www.sitsesp.org.br/novo/wp-content/uploads/2024/06/ARTE-DIRETORIA-01.png","contentUrl":"https://www.sitsesp.org.br/novo/wp-content/uploads/2024/06/ARTE-DIRETORIA-01.png","width":4986,"height":3594},{"@type":"BreadcrumbList","@id":"https://www.sitsesp.org.br/novo/diretoria/#breadcrumb","itemListElement":[{"@type":"ListItem","position":1,"name":"Início","item":"https://www.sitsesp.org.br/novo/"},{"@type":"ListItem","position":2,"name":"Diretoria 2024 | 2028"}]},{"@type":"WebSite","@id":"https://www.sitsesp.org.br/novo/#website","url":"https://www.sitsesp.org.br/novo/","name":"Sitsesp","description":"SIndicato da Socioeducação do Estado de São Paulo","publisher":{"@id":"https://www.sitsesp.org.br/novo/#organization"},"potentialAction":[{"@type":"SearchAction","target":{"@type":"EntryPoint","urlTemplate":"https://www.sitsesp.org.br/novo/?s={search_term_string}"},"query-input":"required name=search_term_string"}],"inLanguage":"pt-BR"},{"@type":"Organization","@id":"https://www.sitsesp.org.br/novo/#organization","name":"Sitsesp","url":"https://www.sitsesp.org.br/novo/","logo":{"@type":"ImageObject","inLanguage":"pt-BR","@id":"https://www.sitsesp.org.br/novo/#/schema/logo/image/","url":"https://www.sitsesp.org.br/novo/wp-content/uploads/2020/09/Design-sem-nome-1.jpg","contentUrl":"https://www.sitsesp.org.br/novo/wp-content/uploads/2020/09/Design-sem-nome-1.jpg","width":300,"height":300,"caption":"Sitsesp"},"image":{"@id":"https://www.sitsesp.org.br/novo/#/schema/logo/image/"}}]}</script>
<!-- / Yoast SEO plugin. -->

Presidente: Neemias de Souza Silva Vice-presidente: Aline de Fátima Caetano Alonso Moreira Secretário de Administração, Finanças e Patrimônio: Waldir Teixeira da&hellip;

Início

SIndicato da Socioeducação do Estado de São Paulo
