{"id":14130,"date":"2024-04-26T15:54:48","date_gmt":"2024-04-26T18:54:48","guid":{"rendered":"https:\/\/www.sitsesp.org.br\/novo\/?page_id=14130"},"modified":"2024-04-26T16:06:23","modified_gmt":"2024-04-26T19:06:23","slug":"oficios","status":"publish","type":"page","link":"https:\/\/www.sitsesp.org.br\/novo\/noticias\/oficios\/","title":{"rendered":"Of\u00edcios"},"content":{"rendered":"\t\t<section class=\"penci-section penci-disSticky penci-structure-20 elementor-section elementor-top-section elementor-element elementor-element-aa149e1 elementor-section-boxed elementor-section-height-default elementor-section-height-default\" data-id=\"aa149e1\" data-element_type=\"section\">\n\t\t\t\t\t\t<div class=\"elementor-container elementor-column-gap-default\">\n\t\t\t\t\t<div data-elementor-type=\"wp-page\" data-elementor-id=\"14130\" class=\"elementor elementor-14130\" data-elementor-post-type=\"page\">\n\t\t\t\t\t\t<section class=\"penci-section penci-disSticky penci-structure-10 elementor-section elementor-top-section elementor-element elementor-element-5ab7121 elementor-section-boxed elementor-section-height-default elementor-section-height-default\" data-id=\"5ab7121\" data-element_type=\"section\">\n\t\t\t\t\t\t<div class=\"elementor-container elementor-column-gap-default\">\n\t\t\t\t\t<div class=\"penci-ercol-100 penci-ercol-order-1 penci-sticky-ct  elementor-column elementor-col-100 elementor-top-column elementor-element elementor-element-f1cb21d\" data-id=\"f1cb21d\" data-element_type=\"column\">\n\t\t\t<div class=\"elementor-widget-wrap elementor-element-populated\">\n\t\t\t\t\t\t<div class=\"elementor-element elementor-element-3c8a5d2 elementor-widget elementor-widget-heading\" data-id=\"3c8a5d2\" data-element_type=\"widget\" data-widget_type=\"heading.default\">\n\t\t\t\t<div class=\"elementor-widget-container\">\n\t\t\t<h1 class=\"elementor-heading-title elementor-size-large\">OF\u00cdCIOS<\/h1>\t\t<\/div>\n\t\t\t\t<\/div>\n\t\t\t\t\t<\/div>\n\t\t<\/div>\n\t\t\t\t\t<\/div>\n\t\t<\/section>\n\t\t\t\t<div class=\"penci-ercol-50 penci-ercol-order-1 penci-sticky-ct  elementor-column elementor-col-50 elementor-top-column elementor-element elementor-element-9e74799\" data-id=\"9e74799\" data-element_type=\"column\">\n\t\t\t<div class=\"elementor-widget-wrap elementor-element-populated\">\n\t\t\t\t\t\t<div class=\"elementor-element elementor-element-40eaba3 elementor-widget elementor-widget-penci-latest-posts\" data-id=\"40eaba3\" data-element_type=\"widget\" data-settings=\"{&quot;order_row_gap&quot;:{&quot;unit&quot;:&quot;px&quot;,&quot;size&quot;:&quot;&quot;,&quot;sizes&quot;:[]}}\" data-widget_type=\"penci-latest-posts.default\">\n\t\t\t\t<div class=\"elementor-widget-container\">\n\t\t\t\t\t\t\t<style>\r\n\t\t\t\t\t\t\t\t\t\t\t\t\t#pencilatest_posts_29885 .list-post .header-list-style:after,\r\n\t\t\t\t\t#pencilatest_posts_29885 .grid-header-box:after,\r\n\t\t\t\t\t#pencilatest_posts_29885 .penci-overlay-over .overlay-header-box:after,\r\n\t\t\t\t\t#pencilatest_posts_29885 .home-featured-cat-content .first-post .magcat-detail .mag-header:after { content: none; }\r\n\t\t\t\t\t#pencilatest_posts_29885 .list-post .header-list-style, .grid-header-box,\r\n\t\t\t\t\t#pencilatest_posts_29885 .penci-overlay-over .overlay-header-box,\r\n\t\t\t\t\t#pencilatest_posts_29885 .home-featured-cat-content .first-post .magcat-detail .mag-header{ padding-bottom: 0; }\r\n\t\t\t\t\t\t\t\t\t\t\t\t\t\t\t\t<\/style>\r\n\t\t\t\t\t<\/div>\n\t\t\t\t<\/div>\n\t\t\t\t\t<\/div>\n\t\t<\/div>\n\t\t\t\t<div class=\"penci-ercol-50 penci-ercol-order-2 penci-sticky-ct  elementor-column elementor-col-50 elementor-top-column elementor-element elementor-element-d69afdc\" data-id=\"d69afdc\" data-element_type=\"column\">\n\t\t\t<div class=\"elementor-widget-wrap elementor-element-populated\">\n\t\t\t\t\t\t<div class=\"elementor-element elementor-element-8247739 elementor-widget elementor-widget-sidebar\" data-id=\"8247739\" data-element_type=\"widget\" data-widget_type=\"sidebar.default\">\n\t\t\t\t<div class=\"elementor-widget-container\">\n\t\t\t<aside id=\"search-2\" class=\"widget widget_search\"><form role=\"search\" method=\"get\" id=\"searchform\" action=\"https:\/\/www.sitsesp.org.br\/novo\/\">\r\n    <div>\r\n\t\t<input type=\"text\" class=\"search-input\" placeholder=\"Digite e pressione Enter...\" name=\"s\" id=\"s\" \/>\r\n\t <\/div>\r\n<\/form><\/aside>\n\t\t<aside id=\"recent-posts-2\" class=\"widget widget_recent_entries\">\n\t\t<h4 class=\"widget-title penci-border-arrow\"><span class=\"inner-arrow\">Postagens Recentes<\/span><\/h4>\n\t\t<ul>\n\t\t\t\t\t\t\t\t\t\t\t<li>\n\t\t\t\t\t<a href=\"https:\/\/www.sitsesp.org.br\/novo\/dia-do-trabalhador-reforca-luta-por-respeito-valorizacao-e-seguranca-na-socioeducacao\/\">Dia do Trabalhador refor\u00e7a luta por respeito, valoriza\u00e7\u00e3o e seguran\u00e7a na socioeduca\u00e7\u00e3o<\/a>\n\t\t\t\t\t\t\t\t\t\t\t<span class=\"post-date\">1 de maio de 2026<\/span>\n\t\t\t\t\t\t\t\t\t<\/li>\n\t\t\t\t\t\t\t\t\t\t\t<li>\n\t\t\t\t\t<a href=\"https:\/\/www.sitsesp.org.br\/novo\/justica-determina-pagamento-imediato-de-auxilio-deslocamento-a-servidores-da-fundacao-casa\/\">JUSTI\u00c7A DETERMINA PAGAMENTO IMEDIATO DE AUX\u00cdLIO DESLOCAMENTO A SERVIDORES DA FUNDA\u00c7\u00c3O CASA<\/a>\n\t\t\t\t\t\t\t\t\t\t\t<span class=\"post-date\">30 de abril de 2026<\/span>\n\t\t\t\t\t\t\t\t\t<\/li>\n\t\t\t\t\t\t\t\t\t\t\t<li>\n\t\t\t\t\t<a href=\"https:\/\/www.sitsesp.org.br\/novo\/servidores-e-servidoras-da-fundacao-casa-aprovam-estado-de-greve-em-assembleia-do-sitsesp\/\">SERVIDORES E SERVIDORAS DA FUNDA\u00c7\u00c3O CASA APROVAM ESTADO DE GREVE EM ASSEMBLEIA DO SITSESP<\/a>\n\t\t\t\t\t\t\t\t\t\t\t<span class=\"post-date\">25 de abril de 2026<\/span>\n\t\t\t\t\t\t\t\t\t<\/li>\n\t\t\t\t\t\t\t\t\t\t\t<li>\n\t\t\t\t\t<a href=\"https:\/\/www.sitsesp.org.br\/novo\/julgamento-do-dissidio-sera-realizado-em-29-de-abril\/\">JULGAMENTO DO DISS\u00cdDIO SER\u00c1 REALIZADO EM 29 DE ABRIL<\/a>\n\t\t\t\t\t\t\t\t\t\t\t<span class=\"post-date\">24 de abril de 2026<\/span>\n\t\t\t\t\t\t\t\t\t<\/li>\n\t\t\t\t\t\t\t\t\t\t\t<li>\n\t\t\t\t\t<a href=\"https:\/\/www.sitsesp.org.br\/novo\/sitsesp-convoca-servidores-para-assembleia-da-campanha-salarial-2026\/\">SITSESP CONVOCA SERVIDORES PARA ASSEMBLEIA DA CAMPANHA SALARIAL 2026<\/a>\n\t\t\t\t\t\t\t\t\t\t\t<span class=\"post-date\">15 de abril de 2026<\/span>\n\t\t\t\t\t\t\t\t\t<\/li>\n\t\t\t\t\t<\/ul>\n\n\t\t<\/aside><aside id=\"categories-3\" class=\"widget widget_categories\"><h4 class=\"widget-title penci-border-arrow\"><span class=\"inner-arrow\">Categorias<\/span><\/h4>\n\t\t\t<ul>\n\t\t\t\t\t<li class=\"cat-item cat-item-81\"><a href=\"https:\/\/www.sitsesp.org.br\/novo\/category\/blogs-e-artigos\/\">blogs e artigos <span class=\"category-item-count\">(11)<\/span><\/a>\n<ul class='children'>\n\t<li class=\"cat-item cat-item-85\"><a href=\"https:\/\/www.sitsesp.org.br\/novo\/category\/blogs-e-artigos\/comunicacao\/\">Comunica\u00e7\u00e3o <span class=\"category-item-count\">(1)<\/span><\/a>\n<\/li>\n\t<li class=\"cat-item cat-item-91\"><a href=\"https:\/\/www.sitsesp.org.br\/novo\/category\/blogs-e-artigos\/direitos\/\">Direitos <span class=\"category-item-count\">(2)<\/span><\/a>\n<\/li>\n\t<li class=\"cat-item cat-item-84\"><a href=\"https:\/\/www.sitsesp.org.br\/novo\/category\/blogs-e-artigos\/juridico\/\">Jur\u00eddico <span class=\"category-item-count\">(4)<\/span><\/a>\n<\/li>\n\t<li class=\"cat-item cat-item-83\"><a href=\"https:\/\/www.sitsesp.org.br\/novo\/category\/blogs-e-artigos\/palavra-do-presidente\/\">Palavra do Presidente <span class=\"category-item-count\">(1)<\/span><\/a>\n<\/li>\n\t<li class=\"cat-item cat-item-86\"><a href=\"https:\/\/www.sitsesp.org.br\/novo\/category\/blogs-e-artigos\/saude\/\">Sa\u00fade <span class=\"category-item-count\">(3)<\/span><\/a>\n<\/li>\n<\/ul>\n<\/li>\n\t<li class=\"cat-item cat-item-33\"><a href=\"https:\/\/www.sitsesp.org.br\/novo\/category\/boletim\/\">Boletim <span class=\"category-item-count\">(13)<\/span><\/a>\n<\/li>\n\t<li class=\"cat-item cat-item-35\"><a href=\"https:\/\/www.sitsesp.org.br\/novo\/category\/convencao-coletiva\/\">Conven\u00e7\u00e3o Coletiva <span class=\"category-item-count\">(7)<\/span><\/a>\n<\/li>\n\t<li class=\"cat-item cat-item-36\"><a href=\"https:\/\/www.sitsesp.org.br\/novo\/category\/convenios-e-parcerias\/\">Conv\u00eanios e Parcerias <span class=\"category-item-count\">(32)<\/span><\/a>\n<\/li>\n\t<li class=\"cat-item cat-item-27\"><a href=\"https:\/\/www.sitsesp.org.br\/novo\/category\/destaque\/\">Destaque<\/a> (1.085)\n<\/li>\n\t<li class=\"cat-item cat-item-28\"><a href=\"https:\/\/www.sitsesp.org.br\/novo\/category\/destaque-lateral\/\">Destaque Lateral <span class=\"category-item-count\">(57)<\/span><\/a>\n<\/li>\n\t<li class=\"cat-item cat-item-31\"><a href=\"https:\/\/www.sitsesp.org.br\/novo\/category\/documentos\/\">Documentos <span class=\"category-item-count\">(517)<\/span><\/a>\n<\/li>\n\t<li class=\"cat-item cat-item-77\"><a href=\"https:\/\/www.sitsesp.org.br\/novo\/category\/imprensa\/\">Imprensa <span class=\"category-item-count\">(2)<\/span><\/a>\n<\/li>\n\t<li class=\"cat-item cat-item-78\"><a href=\"https:\/\/www.sitsesp.org.br\/novo\/category\/manchete\/\">manchete <span class=\"category-item-count\">(28)<\/span><\/a>\n<\/li>\n\t<li class=\"cat-item cat-item-22\"><a href=\"https:\/\/www.sitsesp.org.br\/novo\/category\/noticias\/\">Noticias<\/a> (1.807)\n<\/li>\n\t<li class=\"cat-item cat-item-90\"><a href=\"https:\/\/www.sitsesp.org.br\/novo\/category\/noticias-do-juridico\/\">Noticias do Jur\u00eddico <span class=\"category-item-count\">(7)<\/span><\/a>\n<\/li>\n\t<li class=\"cat-item cat-item-32\"><a href=\"https:\/\/www.sitsesp.org.br\/novo\/category\/publicacoes\/\">Publica\u00e7\u00f5es <span class=\"category-item-count\">(54)<\/span><\/a>\n<\/li>\n\t<li class=\"cat-item cat-item-1\"><a href=\"https:\/\/www.sitsesp.org.br\/novo\/category\/sem-categoria\/\">Sem categoria <span class=\"category-item-count\">(53)<\/span><\/a>\n<\/li>\n\t<li class=\"cat-item cat-item-34\"><a href=\"https:\/\/www.sitsesp.org.br\/novo\/category\/videos\/\">V\u00eddeos <span class=\"category-item-count\">(59)<\/span><\/a>\n<\/li>\n\t\t\t<\/ul>\n\n\t\t\t<\/aside><aside id=\"penci_social_widget-1\" class=\"widget penci_social_widget\"><h4 class=\"widget-title penci-border-arrow\"><span class=\"inner-arrow\">Siga-nos<\/span><\/h4>\r\n\t\t\t<div class=\"widget-social pc_aligncenter show-text penci-social-colored\">\r\n\t\t\t\t\t\t\t\t\t<a href=\"https:\/\/www.facebook.com\/sitsesp?_rdc=1&amp;_rdr\" rel=\"nofollow\" target=\"_blank\"><i class=\"penci-faicon fa fa-facebook\"  style=\"font-size: 14px\"><\/i><span style=\"font-size: 13px\">Facebook<\/span><\/a>\r\n\t\t\t\t\r\n\t\t\t\t\t\t\t\t\t<a href=\"#\" rel=\"nofollow\" target=\"_blank\"><i class=\"penci-faicon fa fa-twitter\"  style=\"font-size: 14px\"><\/i><span style=\"font-size: 13px\">Twitter<\/span><\/a>\r\n\t\t\t\t\r\n\t\t\t\t\t\t\t\t\t<a href=\"https:\/\/www.instagram.com\/sitsesp2024\/\" rel=\"nofollow\" target=\"_blank\"><i class=\"penci-faicon fa fa-instagram\"  style=\"font-size: 14px\"><\/i><span style=\"font-size: 13px\">Instagram<\/span><\/a>\r\n\t\t\t\t\r\n\t\t\t\t\r\n\t\t\t\t\r\n\t\t\t\t\r\n\t\t\t\t\r\n\t\t\t\t\r\n\t\t\t\t\t\t\t\t\t<a href=\"https:\/\/www.youtube.com\/@sitsesp2024\" rel=\"nofollow\" target=\"_blank\"><i class=\"penci-faicon fa fa-youtube-play\"  style=\"font-size: 14px\"><\/i><span style=\"font-size: 13px\">Youtube<\/span><\/a>\r\n\t\t\t\t\r\n\t\t\t\t\r\n\t\t\t\t\r\n\t\t\t\t\r\n\t\t\t\t\r\n\t\t\t\t\r\n\t\t\t\t\r\n\t\t\t\t\r\n\t\t\t\t\r\n\t\t\t\t\r\n\t\t\t\t\r\n\t\t\t\t\r\n\t\t\t\t\r\n\t\t\t\t\r\n\t\t\t\t\r\n\t\t\t\t\r\n\t\t\t\t\r\n\t\t\t\t\r\n\t\t\t\t\t\t\t\t\r\n\t\t\t\t\r\n\t\t\t\t\t\t\t\t\r\n\t\t\t\t\t\t\t\t\r\n\t\t\t\t\t\t\t\t\r\n\t\t\t\t\t\t\t\t\r\n\t\t\t\t\r\n\t\t\t\t\r\n\t\t\t\t\t\t\t\t\t\t\t\t\t\t\t\t\t\t\t\t\t\t\t<\/div>\r\n\r\n\t\t\t<\/aside>\t\t<\/div>\n\t\t\t\t<\/div>\n\t\t\t\t\t<\/div>\n\t\t<\/div>\n\t\t\t\t\t<\/div>\n\t\t<\/section>\n\t\t\t\t<\/div>\n\t\t","protected":false},"excerpt":{"rendered":"","protected":false},"author":1,"featured_media":0,"parent":2756,"menu_order":0,"comment_status":"closed","ping_status":"closed","template":"","meta":{"cybocfi_hide_featured_image":"","footnotes":""},"yoast_head":"<!-- This site is optimized with the Yoast SEO plugin v22.8 - https:\/\/yoast.com\/wordpress\/plugins\/seo\/ -->\n<title>Of\u00edcios - SITSESP<\/title>\n<meta name=\"robots\" content=\"index, follow, max-snippet:-1, max-image-preview:large, max-video-preview:-1\" \/>\n<link rel=\"canonical\" href=\"https:\/\/www.sitsesp.org.br\/novo\/noticias\/oficios\/\" \/>\n<meta property=\"og:locale\" content=\"pt_BR\" \/>\n<meta property=\"og:type\" content=\"article\" \/>\n<meta property=\"og:title\" content=\"Of\u00edcios - SITSESP\" \/>\n<meta property=\"og:url\" content=\"https:\/\/www.sitsesp.org.br\/novo\/noticias\/oficios\/\" \/>\n<meta property=\"og:site_name\" content=\"SITSESP\" \/>\n<meta property=\"article:modified_time\" content=\"2024-04-26T19:06:23+00:00\" \/>\n<meta name=\"twitter:card\" content=\"summary_large_image\" \/>\n<meta name=\"twitter:label1\" content=\"Est. tempo de leitura\" \/>\n\t<meta name=\"twitter:data1\" content=\"2 minutos\" \/>\n<script type=\"application\/ld+json\" class=\"yoast-schema-graph\">{\"@context\":\"https:\/\/schema.org\",\"@graph\":[{\"@type\":\"WebPage\",\"@id\":\"https:\/\/www.sitsesp.org.br\/novo\/noticias\/oficios\/\",\"url\":\"https:\/\/www.sitsesp.org.br\/novo\/noticias\/oficios\/\",\"name\":\"Of\u00edcios - SITSESP\",\"isPartOf\":{\"@id\":\"https:\/\/www.sitsesp.org.br\/novo\/#website\"},\"datePublished\":\"2024-04-26T18:54:48+00:00\",\"dateModified\":\"2024-04-26T19:06:23+00:00\",\"breadcrumb\":{\"@id\":\"https:\/\/www.sitsesp.org.br\/novo\/noticias\/oficios\/#breadcrumb\"},\"inLanguage\":\"pt-BR\",\"potentialAction\":[{\"@type\":\"ReadAction\",\"target\":[\"https:\/\/www.sitsesp.org.br\/novo\/noticias\/oficios\/\"]}]},{\"@type\":\"BreadcrumbList\",\"@id\":\"https:\/\/www.sitsesp.org.br\/novo\/noticias\/oficios\/#breadcrumb\",\"itemListElement\":[{\"@type\":\"ListItem\",\"position\":1,\"name\":\"In\u00edcio\",\"item\":\"https:\/\/www.sitsesp.org.br\/novo\/\"},{\"@type\":\"ListItem\",\"position\":2,\"name\":\"Not\u00edcias\",\"item\":\"https:\/\/www.sitsesp.org.br\/novo\/noticias\/\"},{\"@type\":\"ListItem\",\"position\":3,\"name\":\"Of\u00edcios\"}]},{\"@type\":\"WebSite\",\"@id\":\"https:\/\/www.sitsesp.org.br\/novo\/#website\",\"url\":\"https:\/\/www.sitsesp.org.br\/novo\/\",\"name\":\"Sitsesp\",\"description\":\"SIndicato da Socioeduca\u00e7\u00e3o do Estado de S\u00e3o Paulo\",\"publisher\":{\"@id\":\"https:\/\/www.sitsesp.org.br\/novo\/#organization\"},\"potentialAction\":[{\"@type\":\"SearchAction\",\"target\":{\"@type\":\"EntryPoint\",\"urlTemplate\":\"https:\/\/www.sitsesp.org.br\/novo\/?s={search_term_string}\"},\"query-input\":\"required name=search_term_string\"}],\"inLanguage\":\"pt-BR\"},{\"@type\":\"Organization\",\"@id\":\"https:\/\/www.sitsesp.org.br\/novo\/#organization\",\"name\":\"Sitsesp\",\"url\":\"https:\/\/www.sitsesp.org.br\/novo\/\",\"logo\":{\"@type\":\"ImageObject\",\"inLanguage\":\"pt-BR\",\"@id\":\"https:\/\/www.sitsesp.org.br\/novo\/#\/schema\/logo\/image\/\",\"url\":\"https:\/\/www.sitsesp.org.br\/novo\/wp-content\/uploads\/2020\/09\/Design-sem-nome-1.jpg\",\"contentUrl\":\"https:\/\/www.sitsesp.org.br\/novo\/wp-content\/uploads\/2020\/09\/Design-sem-nome-1.jpg\",\"width\":300,\"height\":300,\"caption\":\"Sitsesp\"},\"image\":{\"@id\":\"https:\/\/www.sitsesp.org.br\/novo\/#\/schema\/logo\/image\/\"}}]}<\/script>\n<!-- \/ Yoast SEO plugin. -->","yoast_head_json":{"title":"Of\u00edcios - SITSESP","robots":{"index":"index","follow":"follow","max-snippet":"max-snippet:-1","max-image-preview":"max-image-preview:large","max-video-preview":"max-video-preview:-1"},"canonical":"https:\/\/www.sitsesp.org.br\/novo\/noticias\/oficios\/","og_locale":"pt_BR","og_type":"article","og_title":"Of\u00edcios - SITSESP","og_url":"https:\/\/www.sitsesp.org.br\/novo\/noticias\/oficios\/","og_site_name":"SITSESP","article_modified_time":"2024-04-26T19:06:23+00:00","twitter_card":"summary_large_image","twitter_misc":{"Est. tempo de leitura":"2 minutos"},"schema":{"@context":"https:\/\/schema.org","@graph":[{"@type":"WebPage","@id":"https:\/\/www.sitsesp.org.br\/novo\/noticias\/oficios\/","url":"https:\/\/www.sitsesp.org.br\/novo\/noticias\/oficios\/","name":"Of\u00edcios - SITSESP","isPartOf":{"@id":"https:\/\/www.sitsesp.org.br\/novo\/#website"},"datePublished":"2024-04-26T18:54:48+00:00","dateModified":"2024-04-26T19:06:23+00:00","breadcrumb":{"@id":"https:\/\/www.sitsesp.org.br\/novo\/noticias\/oficios\/#breadcrumb"},"inLanguage":"pt-BR","potentialAction":[{"@type":"ReadAction","target":["https:\/\/www.sitsesp.org.br\/novo\/noticias\/oficios\/"]}]},{"@type":"BreadcrumbList","@id":"https:\/\/www.sitsesp.org.br\/novo\/noticias\/oficios\/#breadcrumb","itemListElement":[{"@type":"ListItem","position":1,"name":"In\u00edcio","item":"https:\/\/www.sitsesp.org.br\/novo\/"},{"@type":"ListItem","position":2,"name":"Not\u00edcias","item":"https:\/\/www.sitsesp.org.br\/novo\/noticias\/"},{"@type":"ListItem","position":3,"name":"Of\u00edcios"}]},{"@type":"WebSite","@id":"https:\/\/www.sitsesp.org.br\/novo\/#website","url":"https:\/\/www.sitsesp.org.br\/novo\/","name":"Sitsesp","description":"SIndicato da Socioeduca\u00e7\u00e3o do Estado de S\u00e3o Paulo","publisher":{"@id":"https:\/\/www.sitsesp.org.br\/novo\/#organization"},"potentialAction":[{"@type":"SearchAction","target":{"@type":"EntryPoint","urlTemplate":"https:\/\/www.sitsesp.org.br\/novo\/?s={search_term_string}"},"query-input":"required name=search_term_string"}],"inLanguage":"pt-BR"},{"@type":"Organization","@id":"https:\/\/www.sitsesp.org.br\/novo\/#organization","name":"Sitsesp","url":"https:\/\/www.sitsesp.org.br\/novo\/","logo":{"@type":"ImageObject","inLanguage":"pt-BR","@id":"https:\/\/www.sitsesp.org.br\/novo\/#\/schema\/logo\/image\/","url":"https:\/\/www.sitsesp.org.br\/novo\/wp-content\/uploads\/2020\/09\/Design-sem-nome-1.jpg","contentUrl":"https:\/\/www.sitsesp.org.br\/novo\/wp-content\/uploads\/2020\/09\/Design-sem-nome-1.jpg","width":300,"height":300,"caption":"Sitsesp"},"image":{"@id":"https:\/\/www.sitsesp.org.br\/novo\/#\/schema\/logo\/image\/"}}]}},"_links":{"self":[{"href":"https:\/\/www.sitsesp.org.br\/novo\/wp-json\/wp\/v2\/pages\/14130"}],"collection":[{"href":"https:\/\/www.sitsesp.org.br\/novo\/wp-json\/wp\/v2\/pages"}],"about":[{"href":"https:\/\/www.sitsesp.org.br\/novo\/wp-json\/wp\/v2\/types\/page"}],"author":[{"embeddable":true,"href":"https:\/\/www.sitsesp.org.br\/novo\/wp-json\/wp\/v2\/users\/1"}],"replies":[{"embeddable":true,"href":"https:\/\/www.sitsesp.org.br\/novo\/wp-json\/wp\/v2\/comments?post=14130"}],"version-history":[{"count":8,"href":"https:\/\/www.sitsesp.org.br\/novo\/wp-json\/wp\/v2\/pages\/14130\/revisions"}],"predecessor-version":[{"id":14142,"href":"https:\/\/www.sitsesp.org.br\/novo\/wp-json\/wp\/v2\/pages\/14130\/revisions\/14142"}],"up":[{"embeddable":true,"href":"https:\/\/www.sitsesp.org.br\/novo\/wp-json\/wp\/v2\/pages\/2756"}],"wp:attachment":[{"href":"https:\/\/www.sitsesp.org.br\/novo\/wp-json\/wp\/v2\/media?parent=14130"}],"curies":[{"name":"wp","href":"https:\/\/api.w.org\/{rel}","templated":true}]}}